{"id":6286,"date":"2026-05-02T06:11:42","date_gmt":"2026-05-02T06:11:42","guid":{"rendered":"https:\/\/drinkoteka.cz\/obchod\/produkt\/nozib-cold-as-simcoe-cold-ipa-pl-05\/"},"modified":"2026-05-12T19:28:53","modified_gmt":"2026-05-12T19:28:53","slug":"nozib-cold-as-simcoe-cold-ipa-pl-05","status":"publish","type":"product","link":"https:\/\/drinkoteka.cz\/obchod\/produkt\/nozib-cold-as-simcoe-cold-ipa-pl-05\/","title":{"rendered":"Nozib COLD AS SIMCOE COLD IPA pl. 0,5"},"content":{"rendered":"","protected":false},"excerpt":{"rendered":"<p>Simcoe v t\u00e9to Cold IPA p\u0159edv\u00e1d\u00ed celou \u0161\u00ed\u0159i sv\u00e9ho charakteru. Prysky\u0159i\u010dn\u00e9 t\u00f3ny se prol\u00ednaj\u00ed s citrusy a tropick\u00fdm ovocem,nv\u00fdsledek n\u00e1m p\u0159ipomn\u011bl i b\u00edl\u00e9 gumov\u00e9 medv\u00eddky. Fermentov\u00e1no kmenem kvasnic LalBrew Novalager p\u0159i vy\u0161\u0161\u00edch teplot\u00e1ch,nco\u017e p\u0159in\u00e1\u0161\u00ed \u010dist\u00fd a such\u00fd prol s odleh\u010den\u00fdm t\u011blem. V\u00fdborn\u011b piteln\u00e9 pivo s chmelovou hloubkou a ni\u017e\u0161\u00edm obsahem alkoholu.n5,5 % ALK. \/ 13\u00b0<\/p>\n","protected":false},"featured_media":6294,"comment_status":"closed","ping_status":"closed","template":"","meta":{"_uag_custom_page_level_css":"","site-sidebar-layout":"default","site-content-layout":"","ast-site-content-layout":"default","site-content-style":"default","site-sidebar-style":"default","ast-global-header-display":"","ast-banner-title-visibility":"","ast-main-header-display":"","ast-hfb-above-header-display":"","ast-hfb-below-header-display":"","ast-hfb-mobile-header-display":"","site-post-title":"","ast-breadcrumbs-content":"","ast-featured-img":"","footer-sml-layout":"","ast-disable-related-posts":"","theme-transparent-header-meta":"","adv-header-id-meta":"","stick-header-meta":"","header-above-stick-meta":"","header-main-stick-meta":"","header-below-stick-meta":"","astra-migrate-meta-layouts":"default","ast-page-background-enabled":"default","ast-page-background-meta":{"desktop":{"background-color":"var(--ast-global-color-4)","background-image":"","background-repeat":"repeat","background-position":"center center","background-size":"auto","background-attachment":"scroll","background-type":"","background-media":"","overlay-type":"","overlay-color":"","overlay-opacity":"","overlay-gradient":""},"tablet":{"background-color":"","background-image":"","background-repeat":"repeat","background-position":"center center","background-size":"auto","background-attachment":"scroll","background-type":"","background-media":"","overlay-type":"","overlay-color":"","overlay-opacity":"","overlay-gradient":""},"mobile":{"background-color":"","background-image":"","background-repeat":"repeat","background-position":"center center","background-size":"auto","background-attachment":"scroll","background-type":"","background-media":"","overlay-type":"","overlay-color":"","overlay-opacity":"","overlay-gradient":""}},"ast-content-background-meta":{"desktop":{"background-color":"var(--ast-global-color-5)","background-image":"","background-repeat":"repeat","background-position":"center center","background-size":"auto","background-attachment":"scroll","background-type":"","background-media":"","overlay-type":"","overlay-color":"","overlay-opacity":"","overlay-gradient":""},"tablet":{"background-color":"var(--ast-global-color-5)","background-image":"","background-repeat":"repeat","background-position":"center center","background-size":"auto","background-attachment":"scroll","background-type":"","background-media":"","overlay-type":"","overlay-color":"","overlay-opacity":"","overlay-gradient":""},"mobile":{"background-color":"var(--ast-global-color-5)","background-image":"","background-repeat":"repeat","background-position":"center center","background-size":"auto","background-attachment":"scroll","background-type":"","background-media":"","overlay-type":"","overlay-color":"","overlay-opacity":"","overlay-gradient":""}}},"product_brand":[],"product_cat":[389],"product_tag":[],"class_list":{"0":"post-6286","1":"product","2":"type-product","3":"status-publish","4":"has-post-thumbnail","6":"product_cat-plechovka","7":"pa_obal-plechovka","8":"pa_zeme-cesko","9":"pa_znacka-nozib","10":"desktop-align-left","11":"tablet-align-left","12":"mobile-align-left","14":"first","15":"instock","16":"taxable","17":"shipping-taxable","18":"purchasable","19":"product-type-simple"},"uagb_featured_image_src":{"full":["https:\/\/drinkoteka.cz\/wp-content\/uploads\/2026\/05\/2_NOZIB_ColdAsSimcoe_ctverec.jpg",1103,1103,false],"thumbnail":["https:\/\/drinkoteka.cz\/wp-content\/uploads\/2026\/05\/2_NOZIB_ColdAsSimcoe_ctverec-150x150.jpg",150,150,true],"medium":["https:\/\/drinkoteka.cz\/wp-content\/uploads\/2026\/05\/2_NOZIB_ColdAsSimcoe_ctverec-300x300.jpg",300,300,true],"medium_large":["https:\/\/drinkoteka.cz\/wp-content\/uploads\/2026\/05\/2_NOZIB_ColdAsSimcoe_ctverec-768x768.jpg",768,768,true],"large":["https:\/\/drinkoteka.cz\/wp-content\/uploads\/2026\/05\/2_NOZIB_ColdAsSimcoe_ctverec-1024x1024.jpg",1024,1024,true],"1536x1536":["https:\/\/drinkoteka.cz\/wp-content\/uploads\/2026\/05\/2_NOZIB_ColdAsSimcoe_ctverec.jpg",1103,1103,false],"2048x2048":["https:\/\/drinkoteka.cz\/wp-content\/uploads\/2026\/05\/2_NOZIB_ColdAsSimcoe_ctverec.jpg",1103,1103,false],"woocommerce_thumbnail":["https:\/\/drinkoteka.cz\/wp-content\/uploads\/2026\/05\/2_NOZIB_ColdAsSimcoe_ctverec-300x300.jpg",300,300,true],"woocommerce_single":["https:\/\/drinkoteka.cz\/wp-content\/uploads\/2026\/05\/2_NOZIB_ColdAsSimcoe_ctverec-300x300.jpg",300,300,true],"woocommerce_gallery_thumbnail":["https:\/\/drinkoteka.cz\/wp-content\/uploads\/2026\/05\/2_NOZIB_ColdAsSimcoe_ctverec-100x100.jpg",100,100,true],"dgwt-wcas-product-suggestion":["https:\/\/drinkoteka.cz\/wp-content\/uploads\/2026\/05\/2_NOZIB_ColdAsSimcoe_ctverec-64x64.jpg",64,64,true]},"uagb_author_info":{"display_name":"admin","author_link":"https:\/\/drinkoteka.cz\/obchod\/author\/"},"uagb_comment_info":0,"uagb_excerpt":"Simcoe v t\u00e9to Cold IPA p\u0159edv\u00e1d\u00ed celou \u0161\u00ed\u0159i sv\u00e9ho charakteru. Prysky\u0159i\u010dn\u00e9 t\u00f3ny se prol\u00ednaj\u00ed s citrusy a tropick\u00fdm ovocem,nv\u00fdsledek n\u00e1m p\u0159ipomn\u011bl i b\u00edl\u00e9 gumov\u00e9 medv\u00eddky. Fermentov\u00e1no kmenem kvasnic LalBrew Novalager p\u0159i vy\u0161\u0161\u00edch teplot\u00e1ch,nco\u017e p\u0159in\u00e1\u0161\u00ed \u010dist\u00fd a such\u00fd prol s odleh\u010den\u00fdm t\u011blem. V\u00fdborn\u011b piteln\u00e9 pivo s chmelovou hloubkou a ni\u017e\u0161\u00edm obsahem alkoholu.n5,5 % ALK. \/ 13\u00b0","_links":{"self":[{"href":"https:\/\/drinkoteka.cz\/obchod\/wp-json\/wp\/v2\/product\/6286","targetHints":{"allow":["GET"]}}],"collection":[{"href":"https:\/\/drinkoteka.cz\/obchod\/wp-json\/wp\/v2\/product"}],"about":[{"href":"https:\/\/drinkoteka.cz\/obchod\/wp-json\/wp\/v2\/types\/product"}],"replies":[{"embeddable":true,"href":"https:\/\/drinkoteka.cz\/obchod\/wp-json\/wp\/v2\/comments?post=6286"}],"wp:featuredmedia":[{"embeddable":true,"href":"https:\/\/drinkoteka.cz\/obchod\/wp-json\/wp\/v2\/media\/6294"}],"wp:attachment":[{"href":"https:\/\/drinkoteka.cz\/obchod\/wp-json\/wp\/v2\/media?parent=6286"}],"wp:term":[{"taxonomy":"product_brand","embeddable":true,"href":"https:\/\/drinkoteka.cz\/obchod\/wp-json\/wp\/v2\/product_brand?post=6286"},{"taxonomy":"product_cat","embeddable":true,"href":"https:\/\/drinkoteka.cz\/obchod\/wp-json\/wp\/v2\/product_cat?post=6286"},{"taxonomy":"product_tag","embeddable":true,"href":"https:\/\/drinkoteka.cz\/obchod\/wp-json\/wp\/v2\/product_tag?post=6286"}],"curies":[{"name":"wp","href":"https:\/\/api.w.org\/{rel}","templated":true}]}}