{"id":4178,"date":"2024-11-12T18:00:35","date_gmt":"2024-11-12T18:00:35","guid":{"rendered":"https:\/\/drinkoteka.cz\/produkt\/zichovec-punc-14-pl-05\/"},"modified":"2025-09-16T12:37:24","modified_gmt":"2025-09-16T12:37:24","slug":"zichovec-punc-14-pl-05","status":"publish","type":"product","link":"https:\/\/drinkoteka.cz\/obchod\/produkt\/zichovec-punc-14-pl-05\/","title":{"rendered":"Zichovec Pun\u010d 14 pl. 0,5"},"content":{"rendered":"","protected":false},"excerpt":{"rendered":"<p>Leto\u0161n\u00ed kysel\u00e1 novinka pro V\u00e1noce napodobuje chu\u0165 klasick\u00e9ho v\u00e1no\u010dn\u00edho pun\u010de. Dali jsme dohromady pomeran\u010de, hru\u0161ky a ar\u00f3nii s rumov\u00fdm aroma a pun\u010dov\u00fdm ko\u0159en\u00edm. V\u00fdsledek je super piteln\u00e9, p\u0159esto komplexn\u00ed v\u00e1no\u010dn\u00ed pop\u00edjen\u00ed.<\/p>\n","protected":false},"featured_media":4177,"comment_status":"closed","ping_status":"closed","template":"","meta":{"_uag_custom_page_level_css":"","site-sidebar-layout":"default","site-content-layout":"","ast-site-content-layout":"default","site-content-style":"default","site-sidebar-style":"default","ast-global-header-display":"","ast-banner-title-visibility":"","ast-main-header-display":"","ast-hfb-above-header-display":"","ast-hfb-below-header-display":"","ast-hfb-mobile-header-display":"","site-post-title":"","ast-breadcrumbs-content":"","ast-featured-img":"","footer-sml-layout":"","ast-disable-related-posts":"","theme-transparent-header-meta":"","adv-header-id-meta":"","stick-header-meta":"","header-above-stick-meta":"","header-main-stick-meta":"","header-below-stick-meta":"","astra-migrate-meta-layouts":"default","ast-page-background-enabled":"default","ast-page-background-meta":{"desktop":{"background-color":"var(--ast-global-color-4)","background-image":"","background-repeat":"repeat","background-position":"center center","background-size":"auto","background-attachment":"scroll","background-type":"","background-media":"","overlay-type":"","overlay-color":"","overlay-opacity":"","overlay-gradient":""},"tablet":{"background-color":"","background-image":"","background-repeat":"repeat","background-position":"center center","background-size":"auto","background-attachment":"scroll","background-type":"","background-media":"","overlay-type":"","overlay-color":"","overlay-opacity":"","overlay-gradient":""},"mobile":{"background-color":"","background-image":"","background-repeat":"repeat","background-position":"center center","background-size":"auto","background-attachment":"scroll","background-type":"","background-media":"","overlay-type":"","overlay-color":"","overlay-opacity":"","overlay-gradient":""}},"ast-content-background-meta":{"desktop":{"background-color":"var(--ast-global-color-5)","background-image":"","background-repeat":"repeat","background-position":"center center","background-size":"auto","background-attachment":"scroll","background-type":"","background-media":"","overlay-type":"","overlay-color":"","overlay-opacity":"","overlay-gradient":""},"tablet":{"background-color":"var(--ast-global-color-5)","background-image":"","background-repeat":"repeat","background-position":"center center","background-size":"auto","background-attachment":"scroll","background-type":"","background-media":"","overlay-type":"","overlay-color":"","overlay-opacity":"","overlay-gradient":""},"mobile":{"background-color":"var(--ast-global-color-5)","background-image":"","background-repeat":"repeat","background-position":"center center","background-size":"auto","background-attachment":"scroll","background-type":"","background-media":"","overlay-type":"","overlay-color":"","overlay-opacity":"","overlay-gradient":""}}},"product_brand":[],"product_cat":[389],"product_tag":[],"class_list":{"0":"post-4178","1":"product","2":"type-product","3":"status-publish","4":"has-post-thumbnail","6":"product_cat-plechovka","7":"pa_obal-plechovka","8":"pa_zeme-cesko","9":"pa_znacka-zichovec","10":"desktop-align-left","11":"tablet-align-left","12":"mobile-align-left","14":"first","15":"outofstock","16":"taxable","17":"shipping-taxable","18":"purchasable","19":"product-type-simple"},"uagb_featured_image_src":{"full":["https:\/\/drinkoteka.cz\/wp-content\/uploads\/2024\/11\/zichovec-punc-14-pl-05_1770_4.jpg",600,600,false],"thumbnail":["https:\/\/drinkoteka.cz\/wp-content\/uploads\/2024\/11\/zichovec-punc-14-pl-05_1770_4-150x150.jpg",150,150,true],"medium":["https:\/\/drinkoteka.cz\/wp-content\/uploads\/2024\/11\/zichovec-punc-14-pl-05_1770_4-300x300.jpg",300,300,true],"medium_large":["https:\/\/drinkoteka.cz\/wp-content\/uploads\/2024\/11\/zichovec-punc-14-pl-05_1770_4.jpg",600,600,false],"large":["https:\/\/drinkoteka.cz\/wp-content\/uploads\/2024\/11\/zichovec-punc-14-pl-05_1770_4.jpg",600,600,false],"1536x1536":["https:\/\/drinkoteka.cz\/wp-content\/uploads\/2024\/11\/zichovec-punc-14-pl-05_1770_4.jpg",600,600,false],"2048x2048":["https:\/\/drinkoteka.cz\/wp-content\/uploads\/2024\/11\/zichovec-punc-14-pl-05_1770_4.jpg",600,600,false],"woocommerce_thumbnail":["https:\/\/drinkoteka.cz\/wp-content\/uploads\/2024\/11\/zichovec-punc-14-pl-05_1770_4-300x300.jpg",300,300,true],"woocommerce_single":["https:\/\/drinkoteka.cz\/wp-content\/uploads\/2024\/11\/zichovec-punc-14-pl-05_1770_4-300x300.jpg",300,300,true],"woocommerce_gallery_thumbnail":["https:\/\/drinkoteka.cz\/wp-content\/uploads\/2024\/11\/zichovec-punc-14-pl-05_1770_4-100x100.jpg",100,100,true],"dgwt-wcas-product-suggestion":["https:\/\/drinkoteka.cz\/wp-content\/uploads\/2024\/11\/zichovec-punc-14-pl-05_1770_4-64x64.jpg",64,64,true]},"uagb_author_info":{"display_name":"admin","author_link":"https:\/\/drinkoteka.cz\/obchod\/author\/"},"uagb_comment_info":0,"uagb_excerpt":"Leto\u0161n\u00ed kysel\u00e1 novinka pro V\u00e1noce napodobuje chu\u0165 klasick\u00e9ho v\u00e1no\u010dn\u00edho pun\u010de. Dali jsme dohromady pomeran\u010de, hru\u0161ky a ar\u00f3nii s rumov\u00fdm aroma a pun\u010dov\u00fdm ko\u0159en\u00edm. V\u00fdsledek je super piteln\u00e9, p\u0159esto komplexn\u00ed v\u00e1no\u010dn\u00ed pop\u00edjen\u00ed.","_links":{"self":[{"href":"https:\/\/drinkoteka.cz\/obchod\/wp-json\/wp\/v2\/product\/4178","targetHints":{"allow":["GET"]}}],"collection":[{"href":"https:\/\/drinkoteka.cz\/obchod\/wp-json\/wp\/v2\/product"}],"about":[{"href":"https:\/\/drinkoteka.cz\/obchod\/wp-json\/wp\/v2\/types\/product"}],"replies":[{"embeddable":true,"href":"https:\/\/drinkoteka.cz\/obchod\/wp-json\/wp\/v2\/comments?post=4178"}],"wp:featuredmedia":[{"embeddable":true,"href":"https:\/\/drinkoteka.cz\/obchod\/wp-json\/wp\/v2\/media\/4177"}],"wp:attachment":[{"href":"https:\/\/drinkoteka.cz\/obchod\/wp-json\/wp\/v2\/media?parent=4178"}],"wp:term":[{"taxonomy":"product_brand","embeddable":true,"href":"https:\/\/drinkoteka.cz\/obchod\/wp-json\/wp\/v2\/product_brand?post=4178"},{"taxonomy":"product_cat","embeddable":true,"href":"https:\/\/drinkoteka.cz\/obchod\/wp-json\/wp\/v2\/product_cat?post=4178"},{"taxonomy":"product_tag","embeddable":true,"href":"https:\/\/drinkoteka.cz\/obchod\/wp-json\/wp\/v2\/product_tag?post=4178"}],"curies":[{"name":"wp","href":"https:\/\/api.w.org\/{rel}","templated":true}]}}